 base 8.
346
Convert -15235 (base 6) to base 12.
-151b
-45349 (base 10) to base 6
-545541
Convert 1083 (base 9) to base 14.
416
-1bc (base 14) to base 16
-16a
11010100 (base 2) to base 16
d4
4060 (base 7) to base 12
99a
What is -d0 (base 16) in base 6?
-544
What is 1031230 (base 5) in base 16?
451a
What is -1102300 (base 4) in base 2?
-1010010110000
Convert 310 (base 5) to base 15.
55
Convert -4899 (base 10) to base 9.
-6643
-2475 (base 11) to base 6
-22540
20240 (base 5) to base 8
2450
Convert 150 (base 15) to base 12.
210
-2094 (base 13) to base 12
-2743
What is -a9 (base 13) in base 11?
-117
Convert 292 (base 14) to base 8.
1010
Convert -268 (base 10) to base 4.
-10030
-212211 (base 3) to base 8
-1203
Convert -ca4 (base 13) to base 3.
-2222002
Convert -121201001 (base 3) to base 12.
-706a
-10110101001111 (base 2) to base 10
-11599
13a (base 11) to base 8
244
What is -21031123 (base 4) in base 16?
-935b
Convert -320 (base 6) to base 9.
-143
What is -42a (base 12) in base 7?
-1531
Convert -1240 (base 5) to base 14.
-dd
Convert 46023 (base 9) to base 11.
21024
1202212 (base 3) to base 7
3524
What is -41251 (base 6) in base 10?
-5503
1227 (base 13) to base 6
15520
What is 3f4 (base 16) in base 10?
1012
What is b943 (base 16) in base 4?
23211003
Convert -2094 (base 11) to base 10.
-2765
What is -45a (base 14) in base 2?
-1101100000
100001101000101 (base 2) to base 10
17221
971 (base 12) to base 9
1804
-4048 (base 9) to base 2
-101110010000
Convert -2032 (base 4) to base 13.
-ac
Convert -1112002 (base 3) to base 16.
-455
9630 (base 13) to base 6
240230
-120120020 (base 3) to base 14
-41c6
What is -4120 (base 5) in base 3?
-201211
What is -2131 (base 6) in base 16?
-1e7
-145c9 (base 13) to base 6
-453331
Convert 10365 (base 7) to base 12.
1603
Convert -d5 (base 16) to base 15.
-e3
Convert -1a02 (base 12) to base 14.
-1226
What is 233240 (base 5) in base 10?
8570
-3334 (base 7) to base 16
-4b1
Convert -4143234 (base 5) to base 8.
-205731
What is 429 (base 10) in base 8?
655
What is -11202100 (base 3) in base 10?
-3465
Convert 450 (base 13) to base 8.
1345
Convert -5d3d (base 16) to base 8.
-56475
-22212222 (base 4) to base 2
-1010100110101010
What is -23020331 (base 4) in base 5?
-2430004
What is -1546 (base 8) in base 6?
-4010
-641 (base 11) to base 13
-474
What is -621 (base 8) in base 16?
-191
What is -3054 (base 7) in base 8?
-2054
What is -20232031 (base 4) in base 2?
-1000101110001101
Convert 234a6 (base 11) to base 7.
200522
What is 949 (base 11) in base 15?
512
54883 (base 9) to base 15
abe9
What is -39c (base 15) in base 2?
-1100110110
Convert 940 (base 12) to base 4.
111000
-1ba (base 12) to base 5
-2121
-2122 (base 6) to base 3
-122212
Convert -21111111 (base 3) to base 13.
-2647
79 (base 14) to base 7
212
What is 1001000001111010 (base 2) in base 16?
907a
142634 (base 9) to base 6
1512004
Convert -4024 (base 7) to base 13.
-82c
Convert -2201024 (base 5) to base 13.
-14194
What is -3546 (base 9) in base 3?
-10121120
What is 4133 (base 8) in base 16?
85b
What is -1011100011 (base 2) in base 9?
-1011
20214 (base 5) to base 9
1714
Convert 52b6 (base 15) to base 14.
653a
771 (base 10) to base 3
1001120
5252 (base 9) to base 7
14144
Convert -cf4 (base 16) to base 11.
-2545
3936 (base 14) to base 6
114300
-134 (base 11) to base 10
-158
What is 3139 (base 15) in base 7?
42222
Convert 222 (base 4) to base 9.
46
Convert -568 (base 13) to base 14.
-4a7
1865 (base 12) to base 10
2957
Convert 11000110110 (base 2) to base 14.
818
Convert 2110210 (base 3) to base 9.
2423
Convert 102121 (base 4) to base 7.
3301
-7e19 (base 15) to base 6
-324023
What is -235 (base 15) in base 6?
-2152
Convert b8a (base 16) to base 8.
5612
329 (base 12) to base 2
111010001
Convert -173 (base 10) to base 2.
-10101101
What is -101000000011 (base 2) in base 13?
-1222
32227 (base 9) to base 5
1140303
Convert -177 (base 11) to base 7.
-412
What is 2457 (base 12) in base 4?
1000003
What is -34c6 (base 16) in base 15?
-400a
What is -437 (base 10) in base 7?
-1163
6c (base 15) to base 5
402
What is -3461 (base 7) in base 5?
-20033
What is 303 (base 6) in base 2?
1101111
What is 9252 (base 10) in base 7?
35655
110 (base 16) to base 3
101002
133 (base 4) to base 16
1f
Convert 113 (base 15) to base 8.
363
Convert 74c6 (base 16) to base 11.
20507
19973 (base 10) to base 5
1114343
What is -ba5 (base 12) in base 4?
-122231
Convert 42 (base 16) to base 2.
1000010
101332 (base 5) to base 2
110100001110
2a39 (base 11) to base 7
14261
What is 222223 (base 4) in base 9?
3664
110200 (base 3) to base 14
1a6
What is 5419 (base 12) in base 6?
110433
100003011 (base 4) to base 14
19d53
515 (base 14) to base 15
469
1c0 (base 15) to base 10
405
What is 123333 (base 5) in base 14?
1a9d
-100010010011100 (base 2) to base 8
-42234
Convert 100001010111000 (base 2) to base 13.
7a0b
Convert -32031 (base 4) to base 5.
-12114
-877 (base 13) to base 11
-10a9
-11040 (base 7) to base 11
-20a0
Convert 11302 (base 5) to base 16.
33b
What is 112002111 (base 3) in base 2?
10100000100001
What is 1c (base 14) in base 6?
42
5057 (base 9) to base 2
111001110001
What is b16 (base 15) in base 14?
ca4
Convert -18745 (base 9) to base 8.
-31311
Convert -101 (base 8) to base 4.
-1001
Convert 6c6c (base 15) to base 11.
16357
314 (base 14) to base 4
21132
Convert -222001202 (base 3) to base 15.
-596b
What is -28a (base 11) in base 6?
-1324
Convert 122300 (base 4) to base 5.
23322
Convert -13303 (base 4) to base 7.
-1312
7b8 (base 15) to base 4
123110
Convert 104 (base 6) to base 13.
31
20743 (base 12) to base 7
234666
What is -235 (base 7) in base 6?
-324
What is 542550 (base 6) in base 11?
30652
203602 (base 7) to base 4
20201323
-52323 (base 6) to base 4
-1231323
What is -112 (base 7) in base 9?
-64
What is 15532 (base 7) in base 16?
1120
What is 5ea (base 16) in base 5?
22024
What is -112 (base 14) in base 4?
-3110
-7102 (base 10) to base 3
-100202001
164 (base 15) to base 11
270
Convert 153c (base 13) to base 14.
11ad
Convert 2482 (base 10) to base 3.
10101221
Convert -1110000000010 (base 2) to base 7.
-26622
c65 (base 15) to base 5
42140
Convert 110100000 (base 2) to base 10.
416
Convert -43132 (base 5) to base 14.
-10c5
What is 360 (base 15) in base 16?
2fd
What is 210 (base 7) in base 4?
1221
What is -431021 (base 5) in base 7?
-60210
62307 (base 9) to base 3
2002100021
What is 6433 (base 9) in base 5?
122403
What is 1033 (base 6) in base 13?
153
Convert 121401 (base 5) to base 11.
3503
What is -323 (base 12) in base 4?
-13023
Convert -79 (base 16) to base 2.
-1111001
7d2 (base 16) to base 4
133102
-c5b (base 16) to base 2
-110001011011
What is -13311 (base 4) in base 5?
-4001
Convert -5201 (base 11) to base 6.
-51534
55355 (base 6) to base 2
1111000010111
Convert 103401 (base 5) to base 7.
13333
What is -2024 (base 12) in base 13?
-1780
-635 (base 11) to base 8
-1374
What is 10626 (base 8) in base 12?
2732
Convert 463 (base 11) to base 15.
26d
556 (base 8) to base 7
1032
Convert -cd7 (base 16) to base 13.
-165b
What is -1100112022 (base 3) in base 4?
-12200012
What is -4268 (base 9) in base 2?
-110001000100
Convert 421042 (base 6) to base 5.
2041223
-1611 (base 8) to base 5
-12110
Convert -46343 (base 7) to base 8.
-27100
1249 (base 11) to base 2
11001011010
-13ec (base 15) to base 6
-31440
What is -100222 (base 5) in base 9?
-4331
Convert -1111012 (base 4) to base 3.
-21110201
123442 (base 5) to base 2
1001100001000
What is -4de (base 16) in base 12?
-87a
What is -21210 (base 3) in base 15?
-e0
-24d9 (base 16) to base 15
-2bdd
What is -22112 (base 6) in base 9?
-4178
What is 100110100101 (base 2) in base 5?
34334
Convert -6467 (base 9) to base 15.
-1624
-1646 (base 12) to base 9
-3560
Convert -1324a (base 13) to base 14.
-cd56
What is 279 (base 13) in base 9?
536
Convert -334201 (base 5) to base 4.
-2320121
What is 3242 (base 5) in base 15?
1ec
What is 1237 (base 8) in base 9?
825
What is 1805b (base 12) in base 14?
c899
What is -21838 (base 10) in base 16?
-554e
What is 3000 (base 5) in base 13?
22b
-10952 (base 11) to base 13
-7255
What is 3a8 (base 12) in base 3?
202202
Convert 4046 (base 12) to base 13.
322b
Convert 53b4 (base 16) to base 14.
7b48
Convert -254 (base 16) to base 14.
-308
156531 (base 7) to 